 is b(i)?
1
Let a(k) = -71*k - 20. Let b(i) = 391*i + 101. Let n(u) = -11*a(u) - 2*b(u). Determine n(23).
-5
Let w(m) = 13 + 44*m + 69*m - 3 - 110*m + 9. Calculate w(9).
46
Let y = 30 - 34. Let o be ((-2)/y)/((-11)/110). Let n(v) = -v**3 - 5*v**2 + 2*v + 3. Determine n(o).
-7
Suppose k + 3*i = 1 - 9, -k - 2*i = 9. Let y(h) = -6*h**3 + 40*h**2 + 5*h - 11. Let b(z) = -z**3 + 8*z**2 + z - 2. Let r(l) = k*b(l) + 2*y(l). Calculate r(-8).
8
Let t = 1679 - 1685. Let r(a) = -a**3 + a**2 - a + 1. Let h(o) = 2*o**3 + 7*o**2 + 14*o. Let q(g) = -h(g) - r(g). Let n be q(t). Let b(j) = j - 2. Give b(n).
3
Suppose -4*a = 3*r - 23, 2*r - 3*r - 3 = -4*a. Let m(o) = -18 - 2*o + a - 15 + 0*o + 48. What is m(8)?
1
Let m(f) = -7*f + 6*f - 2*f**2 + 275 - f + f**2 + 5*f. Give m(18).
5
Let w be 4*((-66)/8 + 4). Let s = w + 11. Let k(f) = -f**2 + 4*f + 6. Let d(j) = 3*j**2 - 11*j - 17. Let i(u) = s*d(u) - 17*k(u). Calculate i(-1).
1
Let j(k) be the second derivative of 11*k**4/12 + k**3/6 - 9*k**2/2 + 1666*k. What is j(3)?
93
Suppose -v + 13*v - 24 = 0. Let o(i) be the third derivative of i**5/20 - i**4/12 + 6*i**2. Give o(v).
8
Let c(k) be the first derivative of -k**3/3 - 22*k**2 + 354*k + 1701. Determine c(-51).
-3
Let d(b) = -20*b**2 + 2*b - 1. Let n = -10702 - -10704. Determine d(n).
-77
Let c be (2 + 0)*7/(-14). Let b(o) = -4*o - 2. Let v(f) = -2*f - 1. Let j(s) = b(s) - 3*v(s). Determine j(c).
-1
Let h(d) = 3*d + 13*d - 8*d**2 - 32 + 2*d**2 - 2*d**2 + 7*d**2. Calculate h(13).
7
Let g(k) = -14*k**2 + 30*k - 29. Let s(i) = 5*i**2 - 11*i + 10. Let a(x) = 6*g(x) + 17*s(x). What is a(8)?
4
Let f(t) = 11*t - 5. Suppose 11*k - 21 = 34. Let r(q) = -12*q + 6. Let v(n) = k*r(n) + 6*f(n). Calculate v(-2).
-12
Suppose -3 = 8*g - 51. Suppose 3*w + 12 = 7*w. Let b(l) = l**2 - l. Let c(d) = 2*d**2 + 3*d - 1. Let j(x) = w*b(x) - c(x). Give j(g).
1
Let h be 5 - 6 - (12 + 70/(-7)). Let j(p) = -p**2 + p - 2. Give j(h).
-14
Let i = -50 + 54. Let k(q) be the first derivative of -q**5/120 - 5*q**4/24 + 5*q**3/3 + 13. Let m(x) be the third derivative of k(x). Determine m(i).
-9
Let g(r) = r**2 + 6*r. Let f be (-70)/(-6) - (-4)/(-6). Let v(l) = 1 - 7900*l + 7899*l + 5. Let w be v(f). Calculate g(w).
-5
Let n(u) = -u**2 + 2*u - 4. Let w = 110 + -111. Let z(y) = 12*y + 17. Let g be z(w). Give n(g).
-19
Let s be -9*(-9)/(-4) + 3/12. Let l = -18 - s. Let z(w) = -4 - 1 + 3 - 2*w - 1 - 2*w**l. Calculate z(-2).
-7
Let u(h) = h - 20. Let o(z) = z - 22. Suppose -14*v - 102 = 3*v. Let m(k) = v*u(k) + 5*o(k). Suppose 0*i + 20 = i - 3*l, -3*l = 5*i - 28. What is m(i)?
2
Let f(h) be the second derivative of 0 - 7*h**2 + 1/3*h**3 + 42*h. Determine f(10).
6
Let s(n) = n**2 - 20*n - 19. Suppose 3*v = -5*f + 61, 6*f + 19 = v + 9*f. Determine s(v).
25
Let a(p) = p**2 - 4*p - 3. Let u(l) = l**3 + 23*l**2 - 22*l + 24. Let x be u(-24). Let n be 0 - 1 - x/(-4)*7. Let k = 49 + n. Calculate a(k).
9
Let y(p) be the first derivative of p + 1/4*p**4 + 0*p**2 + 40 - p**3. Calculate y(-2).
-19
Let w(t) be the first derivative of -t**3/3 + 5*t**2/2 - 6*t - 762. Suppose 2*s - 7*s + 60 = 0. Suppose -2 = 2*l - s. Calculate w(l).
-6
Let n(l) = l**3 - l**2 + 31*l - 110. Let p be n(3). Let h(w) = -75*w**2 + 1. Give h(p).
-74
Let s = -95549 + 95551. Let q(r) = -r + 5. Let f(d) = 2*d - 9. Let n(h) = 3*f(h) + 5*q(h). Let v(g) = -g. Let z(t) = n(t) + 4*v(t). Determine z(s).
-8
Let t(p) = -p**2 - 3*p + 1. Suppose r - 4 = -2*y, 0 = -y + r - 2 + 4. Let h(f) = 3*f**2 - 2*f + 3. Let w(b) = y*t(b) + h(b). Let c = 0 + 8. Give w(c).
5
Let x(s) be the third derivative of 3*s**4/8 + 71*s**3/6 + s**2 - 662*s. Determine x(-10).
-19
Let m(d) = 25 + 14 + 40 + 4*d - 73 + 21. Determine m(-6).
3
Let c(f) = 2*f**3 - f**2 - 27*f + 29. Let g be c(-4). Let v(y) = -y**2 - 6*y + 8. What is v(g)?
1
Let w(y) = y**2 - 5*y - 42. Let r be w(-4). Let j be ((-3)/6 + 3/r)*1. Let l(c) = -2*c**2 - 2*c - 1. Calculate l(j).
-1
Let z(q) = -13*q + q**2 + 25*q - 3*q - 12. Let t be z(-11). Let p(h) = h**2 - 10*h - 11. Determine p(t).
-11
Let o(w) = -11*w + 16. Let b be 42/5 - 28/70. Let r(d) = 4*d - 6. Let z(h) = b*r(h) + 3*o(h). Give z(0).
0
Let v(z) = -2*z**3 - 32*z**2 - 56*z - 14. Let l(o) = 3*o**3 + 48*o**2 + 89*o + 21. Let t(q) = 5*l(q) + 8*v(q). Give t(-16).
41
Let x = 27894 + -27914. Let o(b) = 14*b + 266. What is o(x)?
-14
Let q(l) = -3*l + 1. Let w(o) = -3*o. Let i(x) = -5*q(x) + 4*w(x). Let f = 193 - 198. Determine i(f).
-20
Let u(y) be the third derivative of y**4/4 - 62*y**3/3 + 52*y**2. Let q be u(22). Let p(s) = s**2 - 8*s + 12. What is p(q)?
12
Let k(a) = 2*a - 2*a + 3 + a**2 - 9*a. Let v(x) = 10*x - 10. Let z be v(3). Suppose 4*j - 8*j + z = -4*n, 5*j = n + 21. What is k(j)?
-17
Let b(f) = -f**3 - f**2 + 11*f - 13. Let l be b(-4). Let m(h) be the third derivative of h**5/60 + 3*h**4/8 + 5*h**3/3 + 12*h**2. Give m(l).
10
Let o(c) = -c**3 + 8*c**2 + 8. Let z(k) = k**3 - 8*k**2 - k - 8. Let y(n) = -7*o(n) - 6*z(n). Suppose 2*q - 29 = 29*b - 32*b, 0 = -b - 2*q + 15. Determine y(b).
-15
Let f(p) = 2*p**3 + 24*p**2 - 20*p - 232. Let k be f(-12). Let s(i) = -2*i + 21. Determine s(k).
5
Let b(k) = -k**3 + 7*k**2 - 2*k + 1. Let n = 4346 - 4341. What is b(n)?
41
Let r(h) = -h + 44. Let b(u) = -u + 22. Let n(j) = 4*b(j) - 2*r(j). Give n(-11).
22
Let s(c) = 541 - 25*c + 543 - 1073 - 3*c**2. Let h(x) = -x**2 - 9*x + 4. Let a(f) = 17*h(f) - 6*s(f). Determine a(-4).
30
Let w(h) = 16*h**3 - 90*h**2 - 63*h - 54. Let g(d) = 2*d**3 - 13*d**2 - 9*d - 8. Let c(u) = 15*g(u) - 2*w(u). Give c(-7).
2
Suppose 0 = 3*y - b - 9, 2*y + 0 - 11 = -b. Let m be 0*6/(-78)*(-2)/y. Let w(r) = r - 15. Let l(n) = -2*n + 15. Let t(u) = 2*l(u) + 3*w(u). Give t(m).
-15
Let v(y) = 6*y + 2. Let l(g) = 40*g + 921. Let o be l(-23). Give v(o).
8
Let o(t) be the second derivative of -t**4/12 + 7*t**3/6 - 3*t**2 + t - 48. What is o(4)?
6
Suppose 3*n - n - 6 = 0. Suppose 2*z + 32 = 8*o - n*o, -o = -2*z - 16. Let u(m) = -80384*m + 5*m**2 + 26794*m - 3 + 26793*m + m**3 + 26790*m. Calculate u(z).
3
Let o(f) = -f**3 - 6*f**2 - 4*f + 9. Let d be (-93)/(-31) + 0/3. Suppose 8*r + 17 = 5*r + 2*g, 0 = -4*r - d*g - 17. Give o(r).
4
Let x(u) be the second derivative of -u**5/20 + 2*u**4/3 - u**3 - 11*u**2 - 1000*u. What is x(7)?
-15
Let j(x) be the second derivative of -x**4/12 - 3*x**3/2 + x**2/2 + 25*x - 1793. Suppose -24 = -3*c + 6*c. What is j(c)?
9
Let o(i) be the first derivative of -i**3/3 - 5*i**2/2 + 2*i + 1161. Let f(y) = -4*y**2 - 4*y + 2. Let w be f(-2). Give o(w).
-4
Let m(z) = 31*z**2 + 2*z - 1. Suppose 175 = -8*d + d. Let y be 6/8 + d/(-100). Calculate m(y).
32
Let q(s) = -2*s**2 + 8*s + 6. Let x(h) = 32*h**2 + 17*h - 18. Let j be x(1). Suppose 0 = -p + 4*i - 14, -78*p = -77*p + 5*i - j. Give q(p).
-18
Let y(p) = 4*p**2 - 9*p - 9. Let c(k) = 3 + 10*k + 8*k - 696*k**2 + 14 + 689*k**2. Let q(b) = 3*c(b) + 5*y(b). Give q(10).
-4
Let p(a) = a**2 + 1567 - 1610 - 4*a + a**2 + a**3 - a**2 + 3*a. Calculate p(0).
-43
Let i(w) = 2*w**3 + 26*w**2 + 12*w - 14. Let g be i(-12). Suppose -8*u - 122 = -g. Let y(a) = -4*a**3 - a**2 - a + 1. Determine y(u).
-5
Let u(t) = t**2 - 7*t + 11. Let m = 3588 - 3581. What is u(m)?
11
Let k(j) = -j**2 + j. Let f(v) = -6*v**2 + 9*v + 2. Let l(i) = -f(i) + 5*k(i). Let z be (-2)/3*67*18/(-4). Let a = z - 197. Determine l(a).
-2
Let b(y) = y**3 - 3*y**2 - 3*y + 5. Let d(o) = 4*o + 80 - 9*o - 50 + 64. Let n be d(18). Calculate b(n).
9
Let r(k) = 4*k**3 - k**2 - 2*k - 1. Let f = 39 - 37. Suppose -g + 6*g = -5*l - 5, -3*l + f = -2*g. Calculate r(g).
-4
Let m(l) = -13*l**2 - 22*l + 6. Let r = -460 + 455. Let c(w) = 8*w**2 + 15*w - 4. Let x(q) = r*m(q) - 8*c(q). Calculate x(5).
-23
Suppose 16*n + 7*n = 69. Let k(i) = -9*i**n + 1 - i + 0 - i - i**3. Calculate k(1).
-11
Suppose 76*k = 55*k + 2289. Let r(m) = -7*m**3 - k*m**2 + 1 - 84*m + 106*m**2 - 3 + 87*m + 1. Give r(1).
-8
Let q(y) = -3*y + 2. Suppose 3 - 29 = 331*u - 318*u. What is q(u)?
8
Let t(y) = 4*y + 10. Suppose -142*i + 470 = -132*i. Suppose -14*o - 159 = -i. Calculate t(o).
-22
Let d(o) = o**2 + 19*o + 75. Suppose -2*n = -8, 3*a - 88*n = -83*n - 44. Calculate d(a).
-13
Let d = -2357 + 2356. Let s(m) = 4*m**3 + m**2 + 5*m + 3. Give s(d).
-5
Let f = -908 + 882. Let d(o) = o**2 + 29*o + 80. Give d(f).
2
Let b(y) = -